s a(7)?
1132
Let n(i) = i**3 + 241*i**2 - 903*i - 217626. Calculate n(-241).
-3
Let n(p) = -p**3 + 21*p**2 - 46*p + 1596. Calculate n(22).
100
Let d(q) = -92*q**2 + 45926*q - 8977. Calculate d(499).
5
Let o(k) = k**2 - 3*k + 6. Calculate o(26).
604
Let y(b) = -119*b**2 + 1904*b - 124. Determine y(16).
-124
Let u(z) = 53*z**3 + 6*z**2 + 29*z - 36. Give u(1).
52
Let k(a) = -28*a**3 + 5542*a**2 + 385*a + 2172. What is k(198)?
-6
Let y(t) = -t**3 + 137*t**2 - 1488*t - 1482. What is y(125)?
18
Let g(u) = -26*u + 1852. What is g(60)?
292
Let u(q) = q**3 + 54*q**2 + 305*q - 2936. Calculate u(-46).
-38
Let i(b) = 302*b**3 + 1816*b**2 + 50*b + 157. What is i(-6)?
1
Let g(i) = 1382811*i + 8. Determine g(0).
8
Let j(g) = -37442*g + 74829. Determine j(2).
-55
Let k(f) = 155*f**2 + 626*f + 1884. Calculate k(-3).
1401
Let m(h) = -2786*h - 8486. Calculate m(-3).
-128
Let j(b) = -b**2 + 4398*b - 2272395. What is j(598)?
5
Let d(a) = -18*a**2 + 2078*a - 282. Give d(115).
638
Let p(i) = i**3 + 184*i**2 - 465*i - 51788. Give p(-185).
12
Let b(u) = -4*u**3 - 72*u**2 - 177*u - 3137. Give b(-18).
49
Let c(n) = 227*n**2 + 1537*n - 361. Give c(-7).
3
Let d(k) = -k**3 + 52*k**2 - 187*k + 1911. Determine d(49).
-49
Let x(v) = -17*v**3 - 6*v**2 - 366*v + 384. Give x(1).
-5
Let z(n) = 271*n + 15225. Calculate z(-61).
-1306
Let g(k) = -7*k**3 - 85*k**2 - 117*k - 1204. Give g(-12).
56
Let u(z) = -149*z**2 - 2825*z + 14. Calculate u(-19).
-100
Let b(y) = -14*y**2 - 6743*y + 13489. What is b(2)?
-53
Let h(v) = -v**3 - 12*v**2 - 1129*v - 8796. Give h(-8).
-20
Let k(f) = 230016*f - 1150032. Determine k(5).
48
Let p(i) = -i**3 + 260*i**2 + 688*i - 42961. What is p(262)?
7
Let m(r) = -650*r + 2526. Calculate m(4).
-74
Let l(a) = -260*a**2 + 59*a + 120. Give l(-2).
-1038
Let m(n) = 13*n**2 - 27*n + 20. Give m(-15).
3350
Let m(u) = 94092*u + 752602. Determine m(-8).
-134
Let j(d) = -2*d**3 + 87*d**2 + 62*d - 603. Give j(44).
189
Let n(f) = -1399*f - 338531. Give n(-242).
27
Let l(w) = -43*w**2 - w - 4. Give l(-1).
-46
Let q(a) = -355*a + 2253. What is q(5)?
478
Let c(p) = -39*p**2 - 19301*p + 57899. What is c(3)?
-355
Let s(b) = -981*b**3 - 21*b**2 - 33*b - 14. What is s(-1)?
979
Let t(v) = -6*v**2 - 2000*v + 50715. Calculate t(-357).
21
Let t(o) = -o**3 - 61*o**2 + 3467*o + 234. Give t(36).
-666
Let n(v) = -25*v**3 + 399*v**2 + 7*v - 14. Determine n(16).
-158
Let m(h) = 1072*h + 449160. Give m(-419).
-8
Let z(w) = -12121*w**2 + 48468*w + 7. Determine z(4).
-57
Let t(a) = 13*a**3 - 103*a**2 - 165*a + 368. What is t(9)?
17
Let a(z) = 20180*z + 141289. Calculate a(-7).
29
Let g(q) = -3*q**2 - 1161*q + 21933. What is g(18)?
63
Let b(x) = 17*x**2 + 5271*x + 20979. Determine b(-306).
-135
Let m(f) = 129*f**2 - 47105*f + 7327. What is m(365)?
27
Let p(w) = -15*w**2 - 304*w - 2759. Calculate p(-11).
-1230
Let y(p) = -24*p**2 + 1735*p - 10377. Give y(6).
-831
Let m(y) = 2623*y - 43573. Calculate m(16).
-1605
Let j(b) = b**2 - 1246*b + 23207. Calculate j(19).
-106
Let j(l) = -8106*l - 389104. Calculate j(-48).
-16
Let i(v) = -8*v**3 + 129*v**2 - v - 251. Calculate i(16).
-11
Let c(o) = o**2 - 218289*o + 1746257. Give c(8).
9
Let a(o) = -100*o**2 - 2109*o - 52. Calculate a(-21).
137
Let k(t) = 4*t**3 - 308*t**2 - 190*t - 9512. What is k(78)?
4
Let w(m) = 144*m**2 - 8207*m - 35. What is w(57)?
22
Let t(w) = 329374*w - 2634987. Determine t(8).
5
Let l(o) = 6*o**2 - 614*o + 641. What is l(101)?
-167
Let f(h) = 1914*h + 3. Calculate f(0).
3
Let x(u) = u**2 - 123*u - 120. Determine x(124).
4
Let d(x) = -121*x + 5035. Determine d(40).
195
Let w(y) = 2565*y - 13037. Determine w(5).
-212
Let o(c) = -4061*c + 36141. Give o(9).
-408
Let s(x) = 41005*x + 4551567. What is s(-111)?
12
Let k(l) = 5209*l + 484379. Determine k(-93).
-58
Let t(k) = k**2 + 822*k - 150092. Give t(154).
212
Let r(f) = -543*f - 164481. What is r(-303)?
48
Let c(m) = 4*m**2 - 667*m - 1527. Calculate c(169).
-6
Let l(t) = 10*t**2 - 547*t - 4413. What is l(-8)?
603
Let g(q) = 416*q + 256684. Give g(-617).
12
Let q(z) = -1214*z - 23046. Calculate q(-17).
-2408
Let n(v) = v**2 - 148*v + 4974. Determine n(77).
-493
Let u(o) = o**3 + 293*o**2 - 64102*o - 3504. What is u(-439)?
8
Let q(v) = -39*v**2 + 5808*v + 23242. What is q(-4)?
-614
Let x(m) = 25*m**3 + 13*m**2 - 84*m + 336. Calculate x(4).
1808
Let a(x) = -x**3 - 107*x**2 + 56*x - 5595. Calculate a(-108).
21
Let r(c) = 50*c**3 - 511*c**2 - 399*c - 258. Determine r(11).
72
Let t(c) = 743*c + 64627. Determine t(-87).
-14
Let m(b) = 13534*b - 66610. Determine m(5).
1060
Let s(c) = -38*c**2 + 2233*c + 990. What is s(59)?
459
Let u(n) = -2454*n - 122673. What is u(-50)?
27
Let s(v) = 14441*v - 158831. Give s(11).
20
Let a(r) = 3485*r**2 + 66214*r + 4. Calculate a(-19).
23
Let s(x) = -x**2 + 412*x - 20915. Calculate s(59).
-88
Let v(y) = 8*y**3 + 9*y**2 - 84*y + 167. Give v(5).
972
Let t(f) = -f**3 - 40*f**2 - 288*f - 979. Calculate t(-32).
45
Let k(u) = 8307*u + 215994. Determine k(-26).
12
Let l(w) = -540*w - 8003. Calculate l(-14).
-443
Let z(s) = 43*s - 827. What is z(-3)?
-956
Let v(l) = -3*l**2 - 368*l - 2272. What is v(-117)?
-283
Let c(a) = -a**3 + 20*a**2 - 14*a + 815. Calculate c(21).
80
Let h(n) = -9*n**2 - 32*n + 427. Determine h(-11).
-310
Let l(x) = -30*x**3 + 61*x**2 + 9*x - 14. What is l(2)?
8
Let c(s) = -6*s**2 + 50*s + 298. Calculate c(-5).
-102
Let x(d) = -17*d**3 + 1160*d**2 + 888*d + 619. Determine x(69).
-2
Let f(j) = 35*j**2 + 360*j - 3276. What is f(9)?
2799
Let u(j) = 4*j**3 - 3*j**2 + 541*j - 1594. Give u(3).
110
Let s(g) = 7*g**2 - 392*g + 3636. Give s(45).
171
Let a(n) = -n**2 + 86*n - 1573. Determine a(25).
-48
Let x(y) = -104*y**2 - 4*y - 12. Determine x(-3).
-936
Let c(o) = 3*o**2 - 44028*o - 440585. What is c(-10)?
-5
Let h(q) = 1367097*q + 5468378. Calculate h(-4).
-10
Let d(r) = 23*r**3 + 75*r + 221. Determine d(-4).
-1551
Let q(g) = 712*g + 264835. What is q(-372)?
-29
Let y(i) = -6354*i - 76247. What is y(-12)?
1
Let u(j) = -j**3 + 505*j**2 - 16025*j + 389. Calculate u(34).
15
Let i(z) = z**2 + 2*z - 22476. Calculate i(-151).
23
Let m(n) = 156182*n - 781281. Calculate m(5).
-371
Let q(h) = 7243*h - 622885. Give q(86).
13
Let c(n) = n**2 - 26720*n + 614025. What is c(23)?
-6
Let t(p) = 10*p**2 - 1281*p - 9322. Calculate t(135).
-7
Let b(z) = z**2 + 971*z + 97001. Determine b(-113).
47
Let j(n) = n**2 + 725*n + 71135. Give j(-117).
-1
Let b(s) = 5253*s**2 - 120814*s - 108. Calculate b(23).
7
Let a(d) = d**3 + 226*d**2 + 1350*d - 3. Calculate a(-6).
-183
Let a(b) = b**2 - 12342*b + 61692. Give a(5).
7
Let o(n) = -64*n**3 + 28*n**2 - n - 160. What is o(0)?
-160
Let t(z) = 2*z**3 + 4*z**2 + 125*z + 320. Determine t(0).
320
Let u(n) = n**2 - 6761*n - 839682. Give u(-122).
44
Let g(c) = -801*c + 46454. Determine g(58).
-4
Let u(n) = -438*n**2 + 12255*n - 36. Give u(28).
-288
Let n(y) = -y**3 - 903*y**2 - 8*y. Determine n(0).
0
Let x(y) = y**2 - 409*y - 9003. Calculate x(430).
27
Let p(t) = 665*t - 14086. Determine p(21).
-121
Let x(h) = 3*h**3 + 213*h**2 + 9*h + 166. Calculate x(-71).
-473
Let j(d) = 9611*d - 2172089. Give j(226).
-3
Let l(i) = -292079*i + 1168354. What is l(4)?
38
Let s(v) = -v**3 + 320*v**2 - 635*v + 2. What is s(2)?
4
Let k(m) = 19*m**3 - 340*m**2 + 268*m + 66. Determine k(17).
-291
Let z(g) = -3595*g + 50329. Calculate z(14).
-1
Let n(v) = v**3 - 424*v**2 + 2512*v - 1665. Give n(418).
7
Let x(t) = -4*t**2 + 748*t + 18375. What is x(-22)?
-17
Let j(f) = -6910*f - 442229. Determine j(-64).
11
Let u(t) = t**3 + 5*t**2 + 61*t + 6. Calculate u(0).
6
Let h(b) = -25226*b - 4111843. Determine h(-163).
-5
Let v(r) = -2*r**3 - 45*r**2 - 5*r + 35. What is v(-21)?
-1183
Let u(y) = 319*y**2 + 1665*y - 5. What is u(-5)?
-355
Let i(n) = -1721*n + 73948. What is i(43)?
-55
Let l(s) = 3*s**2 - 34384*s + 171866. What is l(5)?
21
Let f(d) = -5*d**2 + 538*d - 2366. Calculate f(103).
3
Let g(q) = -9*q**3 - 41*q**2 + 85*q + 331. Determine g(-5).
6
Let a(w) = -6*w**3 + 9*w**2 + 136*w - 427. Calculate a(3).
-100
Let n(r) = -r**3 + 278*r**2 - 390*r + 30893. Calculate n(277).
-408
Let g(f) = 20*f**3 + 9*f**2 + 392*f + 383. Give g(-1).
-20
Let g(u) = 331*u**2 + 63*u - 3. Give g(-2).
1195
Let a(c) = -c**2 - 3620*c - 826962. What is a(-245)?
-87
Let w(l) = -4*l